r)?
True
Suppose 3*b = 4*a + 2032, -4*a - 1599 = -4*b + 1117. Suppose 8*p - b = -p. Does 19 divide p?
True
Suppose -4*g - 2952 = -w, 0*w = -3*w + 4*g + 8888. Is w a multiple of 50?
False
Let n(z) = z**3 - 35*z**2 + 51*z + 83. Does 13 divide n(34)?
False
Does 13 divide 507/18*2*3?
True
Suppose 0 = 3*p - 0*p + 18. Is (27/p + 5)/(2/388) a multiple of 11?
False
Let x(q) = 24*q**3 + 2*q**2 - 2*q + 1. Let o be x(1). Suppose -12 + 2 = -5*w, 2*w = -2*v + 8. Suppose 3 = v*l - o. Is 7 a factor of l?
True
Let g be 35*11*(4 + -2). Suppose 7*u + g = -0*u. Let q = 168 + u. Does 29 divide q?
True
Let b(z) = -z**3 - z**2 - z. Let s be b(-3). Suppose 4*v + 5 = y, -3*y = -v - s + 6. Suppose 303 = 4*n - t, v*n + 4*n + 3*t = 291. Is 15 a factor of n?
True
Let f be 30/(-12)*(-6)/(-5). Let h = f - -3. Suppose -a + 9*p - 4*p + 33 = h, 3*p + 64 = 4*a. Is 5 a factor of a?
False
Suppose -50*a + 47558 = 29*a. Does 4 divide a?
False
Let a(o) = o - 55. Let u be a(0). Let c = u - -91. Suppose 0 = 4*n + 4*g - c, 29 = 5*n + 3*g - 2*g. Does 5 divide n?
True
Let k(f) = 36*f**2 + 2*f - 12. Does 53 divide k(-6)?
True
Let t be (-2)/3*-3 - -4. Is 55 a factor of 2/1*(-3)/t*-165?
True
Suppose -5*t + 65 = 2*y, 2*y = 6*y + 4*t - 112. Is 4 + 1*(y + 0) a multiple of 16?
False
Let d = -1543 - -2698. Is d a multiple of 21?
True
Suppose g - 2*b = 17, -2*g = -4*g - 2*b + 22. Let n = g + 20. Is 11 a factor of n?
True
Let w(o) = -3*o - 14. Let j be w(6). Let s = j - -80. Is 16 a factor of s?
True
Let c(p) = -288*p. Let z be c(-3). Suppose 0 = -11*b + z - 28. Is b a multiple of 19?
True
Let n(b) = -b**2 + 17*b + 8. Let o(l) = 6*l + 3. Let c(i) = -4*n(i) + 11*o(i). Let z be c(-3). Suppose -13 = -4*y + z. Is y a multiple of 8?
False
Suppose 0 = -2*p + 5*l - 3, 3*p + l - 27 = -p. Suppose p*j = 139 + 779. Does 34 divide j?
False
Suppose -17*x - 421 = -b - 15*x, 5*b - 2*x - 2113 = 0. Is b a multiple of 35?
False
Let l be -1*(-3)/(-3) - -1. Suppose -6*v = -l*v - 510. Is 13 a factor of v?
False
Is 12 a factor of 20/6*714474/655?
True
Let l be (-1)/3 - (-1)/3. Suppose 0*k - 3*x = -k + 96, l = 5*x - 5. Is 7 a factor of (4/3)/(6/k)?
False
Suppose -147 + 7 = -5*b. Suppose y - b = -y. Suppose -4*w + 2*t + 56 = 0, -w - t - 2*t = -y. Is w a multiple of 6?
False
Let m be (-37)/(-5) - (-9)/15. Does 19 divide 8/(-12)*(-3084)/m?
False
Suppose -13*z = -20*z + 2394. Is 9 a factor of (6/9)/(12/z)?
False
Let b = 22 + -45. Let p = -19 - b. Suppose -310 = -9*o + p*o. Does 13 divide o?
False
Suppose -3*m - 28639 = -16*m. Is m a multiple of 79?
False
Suppose -82*u + 69*u = 0. Suppose -3*z - 2*g = -16, 4*z - g + 2 = g. Suppose -3*s = -z*m - u*m, -5*s = -3*m - 2. Is m a multiple of 4?
False
Let s = -76 + 141. Is 22 a factor of 2/5 + 2834/s?
True
Suppose -15 = -41*w + 40*w. Suppose 0 = 5*t + w, -y = -2*t - 0*t - 49. Does 20 divide y?
False
Let h(c) = -148*c + 370. Is h(-4) a multiple of 26?
True
Is 14 a factor of (42/(-5))/((-136)/4420)?
False
Suppose -6 + 42 = 3*y. Is 3 + y/(-20)*(-1 - 14) a multiple of 3?
True
Let r = 165 + -94. Suppose m - 200 = -2*t - 0*m, -515 = -5*t + 5*m. Let a = t - r. Does 10 divide a?
True
Let c be 3/10*16/(-12)*5. Is 20 a factor of 2/(-4) + (-363)/c + -2?
False
Let i(m) = -102*m + 50. Is i(-2) a multiple of 5?
False
Let v(o) = -3*o**2 - 24*o - 7. Let u be v(-6). Suppose 0*d = -d + u. Is 9 a factor of d?
False
Suppose 19*y - 5612 = 3071. Is y a multiple of 65?
False
Let n = 2918 - 401. Does 20 divide n?
False
Suppose -5*p + 0*p - 65 = 0. Let o = -11 - p. Suppose o*b - 216 = -2*b. Does 18 divide b?
True
Let a(m) = m**2 + 7*m + 6. Let u be a(-5). Does 20 divide (-242*(-1)/2)/(u - -5)?
False
Let t = 63 - 38. Let b = -17 + t. Suppose a + b = -3*a, 34 = 4*y - a. Does 4 divide y?
True
Let l(n) = -n + 1. Let x(w) = 5*w - 5. Let h(q) = -6*l(q) - x(q). Let d be h(5). Suppose -6*t = -d*t - 38. Does 8 divide t?
False
Let p = -2 - -2. Suppose 0*k = -4*k - 4*r + 132, p = -5*k - 4*r + 165. Does 11 divide k?
True
Let d(f) = -2*f**2 + 37*f + 31. Does 10 divide d(16)?
False
Suppose 0*j + 5*j = -575. Let l = 214 + j. Does 17 divide l?
False
Let a(d) = d**2 - d. Let j be a(0). Let s = 427 + -379. Suppose 8*u - 6*u - s = j. Does 13 divide u?
False
Suppose -3*p + 16 = -p. Let g = 11 - p. Suppose g*m - 7 - 38 = 0. Does 15 divide m?
True
Suppose b + 3*s = 272, -4*b = 5*s - 193 - 902. Does 16 divide b?
False
Suppose -5*l - 5 = -3*l + 5*w, 4*l = w + 23. Suppose r + 132 = l*r. Is r a multiple of 12?
False
Let x(v) = -v**3 + v - 37. Let l(o) = -2*o**3 + 3*o - 73. Let c(u) = 2*l(u) - 5*x(u). Is c(0) a multiple of 13?
True
Let f(w) = -12*w**3 - 4*w**2 + 16*w + 5. Does 38 divide f(-5)?
False
Let w = -393 - -432. Is 16 a factor of w?
False
Suppose 0 = -35*y - 16*y + 9639. Does 73 divide y?
False
Let q(m) = -9*m**2 - 289*m - 12. Is 30 a factor of q(-27)?
True
Let c(s) = -18*s**3 + s**2 + 2*s + 1. Let f be c(-1). Suppose -2*j = -2*a - 10, -4*j + 5*a = -0*j - f. Let u(w) = -w + 21. Is u(j) a multiple of 7?
True
Let u(v) = 7*v - 6. Let b(s) = -20*s + 18. Let o(t) = -6*b(t) - 17*u(t). Is o(14) a multiple of 4?
True
Let u be (3/9)/(2/12). Suppose -4*x = -6*x - 5*n + 57, -3*x + u*n + 114 = 0. Does 12 divide x?
True
Suppose 2*w + 4*u = 5*u + 396, 0 = -5*w - 5*u + 990. Is w a multiple of 33?
True
Let z(p) = -p**2 - p + 2. Let a be z(-3). Let i be (a/(-16))/((-3)/(-36)). Suppose -5*u = -i*v + 129, -2*u = 5*v + 2*u - 178. Is v a multiple of 10?
False
Suppose -4*b - 315 = -4*t + 1749, 0 = -5*b. Does 20 divide t?
False
Let g = 5 - 2. Suppose 3*f - 63 - 1 = 5*l, -3*l = -g. Let x = 35 + f. Is 16 a factor of x?
False
Let z(o) be the second derivative of o**6/45 + o**5/120 - o**4/24 + o**3/3 + 6*o. Let v(n) be the second derivative of z(n). Is v(2) a multiple of 11?
True
Let j = -55 - -97. Suppose -16*r + 10*r = -j. Does 7 divide r?
True
Suppose 0 = -2*y - 2*y + h + 1223, 0 = -5*y - 5*h + 1510. Does 30 divide y?
False
Is ((-195)/9)/5*-72 a multiple of 34?
False
Let z = -1088 - -2324. Does 103 divide z?
True
Let s(v) = v**3 + 8*v**2 - 2. Let c be s(-8). Is 20 a factor of (c + 50)*50/30?
True
Is 6 a factor of 3405/10 + 3/(-2)?
False
Suppose q - 2*c + 3 = -18, 4*c = 16. Let m = 25 + q. Is (m - 8)/(2/21) a multiple of 21?
True
Let t(n) = 5*n - 6*n + n - n**2 - 17 + n. Let g be t(0). Let k = g + 38. Is 21 a factor of k?
True
Suppose 2*v - 3*c + 137 = 0, -2*v - 2*c + 6*c = 138. Suppose 7*x - 210 = 9*x. Let u = v - x. Is 11 a factor of u?
False
Let k = 1027 + -489. Does 94 divide k?
False
Let l(y) = -y**3 + 5*y**2 + 6*y + 4. Let b be l(6). Let x be (-1 + b)/((-6)/(-4)). Suppose 52 = x*j + 2. Is j a multiple of 5?
True
Suppose 0 = 6*y - 97 - 695. Let h = 199 - y. Is h a multiple of 18?
False
Is (-21 - 463)*(-1)/2 a multiple of 22?
True
Let w(r) = r**2 - 2*r - 3. Let x be w(-2). Let a be (6/x)/((-12)/80). Let i(k) = -6*k. Is 12 a factor of i(a)?
True
Suppose 5*y - 2 - 18 = 0, -b - 3*y = -582. Does 15 divide b?
True
Does 43 divide (-1040)/(-13) - 12/(-2)?
True
Suppose -5*k = -5*n - k + 255, -15 = -3*k. Is 11 a factor of n?
True
Let p = -69 + 81. Does 3 divide 15/p*2*(-84)/(-10)?
True
Is 30 a factor of ((-457)/2 - (-11 + 7))*-2?
False
Let a(o) = o**2 - o - 1. Let i(k) = -5*k**2 - 11*k + 27. Let n(v) = -6*a(v) - i(v). Is n(12) a multiple of 13?
True
Let n = -16 + 21. Suppose 5*p - 10 = 0, -u - 4*p + n*p + 30 = 0. Does 8 divide u?
True
Let f(j) = j**3 - 18*j**2 + 16*j - 17. Let c be f(17). Is 18 a factor of (-3 + c/(-10))*45?
True
Let d be (-921)/12*-1 + (-9)/12. Suppose 5*r - 67 = -4*y, 4*y - 4*r - d = -0*r. Does 18 divide y?
True
Let d(y) = y**3 - y**2 - 10*y + 14. Let g be d(7). Suppose -4*r = 2*s - 0*s - 100, 5*s = 2*r + g. Is 24 a factor of s?
True
Let r(i) be the first derivative of i**3/3 - 8*i - 12. Is r(4) a multiple of 5?
False
Let t = -810 + 945. Is t a multiple of 4?
False
Let r = 39 - 36. Suppose 2*a - a - 45 = -3*u, -r*a + u = -85. Does 4 divide a?
False
Let q(h) = h**2 + 2. Let z be q(0). Suppose -z*l + 6*t - 3*t + 46 = 0, -5*t = 0. Suppose 0 = 4*f - 2*f - 5*o + 17, -2*f + l = 3*o. Does 4 divide f?
True
Let a(w) = 17*w - 32 + 31 - 38. Does 35 divide a(14)?
False
Suppose -5*s + 30 = -2*s. Suppose -t = 3*f - s - 197, -2*f = 4*t - 128. Suppose -i = 5 - f. Is 30 a factor of i?
False
Suppose -5*d + 3*q = 54 - 56, -d + 4*q = 3. Suppose 0 = -